{"id":11403,"date":"2019-01-31T10:56:12","date_gmt":"2019-01-31T13:56:12","guid":{"rendered":"https:\/\/rbfrenosyembragues.com\/?page_id=11403"},"modified":"2019-06-26T09:22:02","modified_gmt":"2019-06-26T12:22:02","slug":"empresa","status":"publish","type":"page","link":"https:\/\/rbfrenosyembragues.com\/?page_id=11403","title":{"rendered":"Empresa"},"content":{"rendered":"<section class=\"wpb-content-wrapper\"><p>[vc_row][vc_column width=\u00bb1\/2&#8243;][vc_single_image image=\u00bb12851&#8243; img_size=\u00bbfull\u00bb][\/vc_column][vc_column width=\u00bb1\/2&#8243;][vc_column_text]<\/p>\n<h3 style=\"text-align: left;\">Nosotros<\/h3>\n<p style=\"text-align: left;\">Somos RB Frenos y Embragues (Distribuidor Mayorista), una empresa dedicada a la comercializaci\u00f3n mayorista de frenos y embragues.<\/p>\n<p>En Linea Liviana y Linea Pesada (Autos y Camiones) Con 20 a\u00f1os en el mercado. El trato con el cliente es excelente, por la rapidez en la entrega de los productos.<\/p>\n<p>[\/vc_column_text][\/vc_column][\/vc_row][vc_row][vc_column][vc_empty_space height=\u00bb60px\u00bb][\/vc_column][\/vc_row][vc_row equal_height=\u00bbyes\u00bb][vc_column width=\u00bb1\/3&#8243; css=\u00bb.vc_custom_1548943323624{background-color: #d6d6d6 !important;}\u00bb][vc_icon icon_fontawesome=\u00bbfa fa-bullseye\u00bb color=\u00bbcustom\u00bb background_style=\u00bbrounded-outline\u00bb background_color=\u00bbcustom\u00bb size=\u00bbxl\u00bb align=\u00bbcenter\u00bb custom_color=\u00bb#ff2d37&#8243; custom_background_color=\u00bb#ff2d37&#8243;][vc_column_text]<\/p>\n<h3 style=\"text-align: center;\">Misi\u00f3n<\/h3>\n<p style=\"text-align: center;\">Ofrecer un servicio innovador y \u00fanico, entregando la m\u00e1s completa variedad de productos de frenos y embragues con la mejor calidad, garant\u00eda y facilidades de pago, superando las expectativas de nuestros clientes.<\/p>\n<p style=\"text-align: center;\">Ante cualquier requerimiento no dude en visitarnos y conocer nuestros cat\u00e1logos de art\u00edculos.<\/p>\n<p>[\/vc_column_text][\/vc_column][vc_column width=\u00bb1\/3&#8243; css=\u00bb.vc_custom_1548943336012{background-color: #e2e2e2 !important;}\u00bb][vc_icon icon_fontawesome=\u00bbfa fa-eye\u00bb color=\u00bbcustom\u00bb background_style=\u00bbrounded-outline\u00bb background_color=\u00bbcustom\u00bb size=\u00bbxl\u00bb align=\u00bbcenter\u00bb custom_color=\u00bb#ff2d37&#8243; custom_background_color=\u00bb#ff2d37&#8243;][vc_column_text]<\/p>\n<h3 style=\"text-align: center;\">Visi\u00f3n<\/h3>\n<p style=\"text-align: center;\">Ser la distribuidora de frenos y embragues en la regi\u00f3n que ofrezca la mejor calidad y variedad en servicios de venta y productos a sus clientes, generando un valor agregado a las ciudades a las que llegamos, fortaleciendo nuestra solidez por medio de la planeaci\u00f3n y el trabajo en equipo.<\/p>\n<p>[\/vc_column_text][\/vc_column][vc_column width=\u00bb1\/3&#8243; css=\u00bb.vc_custom_1548943353908{background-color: #f5f5f5 !important;}\u00bb][vc_icon icon_fontawesome=\u00bbfa fa-handshake-o\u00bb color=\u00bbcustom\u00bb background_style=\u00bbrounded-outline\u00bb background_color=\u00bbcustom\u00bb size=\u00bbxl\u00bb align=\u00bbcenter\u00bb custom_color=\u00bb#ff2d37&#8243; custom_background_color=\u00bb#ff2d37&#8243;][vc_column_text]<\/p>\n<h3 style=\"text-align: center;\">Valores<\/h3>\n<p style=\"text-align: center;\">Nuestros valores son el motor que impulsa nuestra empresa hacia la meta, permiti\u00e9ndonos asumir con responsabilidad nuevos retos, ajust\u00e1ndonos a las normas y pol\u00edticas que hacen la diferencia en el servicio que ofrecemos.<\/p>\n<p style=\"text-align: center;\">Con\u00f3zcanos, somos referentes en Rosario.<\/p>\n<p>[\/vc_column_text][\/vc_column][\/vc_row][vc_row][vc_column][vc_empty_space height=\u00bb60px\u00bb][\/vc_column][\/vc_row]<\/p>\n<\/section>","protected":false},"excerpt":{"rendered":"<p>[vc_row][vc_column width=\u00bb1\/2&#8243;][vc_single_image image=\u00bb12851&#8243; img_size=\u00bbfull\u00bb][\/vc_column][vc_column width=\u00bb1\/2&#8243;][vc_column_text] Nosotros Somos RB Frenos y Embragues (Distribuidor Mayorista), una empresa dedicada a la comercializaci\u00f3n mayorista de frenos y embragues. En Linea Liviana y Linea Pesada (Autos y Camiones) Con 20 a\u00f1os en el mercado. El &hellip; <a href=\"https:\/\/rbfrenosyembragues.com\/?page_id=11403\">Readmore<\/a><\/p>\n","protected":false},"author":745,"featured_media":0,"parent":0,"menu_order":0,"comment_status":"closed","ping_status":"closed","template":"","meta":{"footnotes":""},"class_list":["post-11403","page","type-page","status-publish","hentry"],"yoast_head":"<!-- This site is optimized with the Yoast SEO plugin v25.2 - https:\/\/yoast.com\/wordpress\/plugins\/seo\/ -->\n<title>Empresa - RB Frenos y Embragues<\/title>\n<meta name=\"robots\" content=\"index, follow, max-snippet:-1, max-image-preview:large, max-video-preview:-1\" \/>\n<link rel=\"canonical\" href=\"https:\/\/rbfrenosyembragues.com\/?page_id=11403\" \/>\n<meta property=\"og:locale\" content=\"es_ES\" \/>\n<meta property=\"og:type\" content=\"article\" \/>\n<meta property=\"og:title\" content=\"Empresa - RB Frenos y Embragues\" \/>\n<meta property=\"og:description\" content=\"[vc_row][vc_column width=\u00bb1\/2&#8243;][vc_single_image image=\u00bb12851&#8243; img_size=\u00bbfull\u00bb][\/vc_column][vc_column width=\u00bb1\/2&#8243;][vc_column_text] Nosotros Somos RB Frenos y Embragues (Distribuidor Mayorista), una empresa dedicada a la comercializaci\u00f3n mayorista de frenos y embragues. En Linea Liviana y Linea Pesada (Autos y Camiones) Con 20 a\u00f1os en el mercado. El &hellip; Readmore\" \/>\n<meta property=\"og:url\" content=\"https:\/\/rbfrenosyembragues.com\/?page_id=11403\" \/>\n<meta property=\"og:site_name\" content=\"RB Frenos y Embragues\" \/>\n<meta property=\"article:modified_time\" content=\"2019-06-26T12:22:02+00:00\" \/>\n<meta name=\"twitter:card\" content=\"summary_large_image\" \/>\n<meta name=\"twitter:label1\" content=\"Tiempo de lectura\" \/>\n\t<meta name=\"twitter:data1\" content=\"2 minutos\" \/>\n<script type=\"application\/ld+json\" class=\"yoast-schema-graph\">{\"@context\":\"https:\/\/schema.org\",\"@graph\":[{\"@type\":\"WebPage\",\"@id\":\"https:\/\/rbfrenosyembragues.com\/?page_id=11403\",\"url\":\"https:\/\/rbfrenosyembragues.com\/?page_id=11403\",\"name\":\"Empresa - RB Frenos y Embragues\",\"isPartOf\":{\"@id\":\"https:\/\/rbfrenosyembragues.com\/#website\"},\"datePublished\":\"2019-01-31T13:56:12+00:00\",\"dateModified\":\"2019-06-26T12:22:02+00:00\",\"breadcrumb\":{\"@id\":\"https:\/\/rbfrenosyembragues.com\/?page_id=11403#breadcrumb\"},\"inLanguage\":\"es\",\"potentialAction\":[{\"@type\":\"ReadAction\",\"target\":[\"https:\/\/rbfrenosyembragues.com\/?page_id=11403\"]}]},{\"@type\":\"BreadcrumbList\",\"@id\":\"https:\/\/rbfrenosyembragues.com\/?page_id=11403#breadcrumb\",\"itemListElement\":[{\"@type\":\"ListItem\",\"position\":1,\"name\":\"Home\",\"item\":\"https:\/\/rbfrenosyembragues.com\/\"},{\"@type\":\"ListItem\",\"position\":2,\"name\":\"Empresa\"}]},{\"@type\":\"WebSite\",\"@id\":\"https:\/\/rbfrenosyembragues.com\/#website\",\"url\":\"https:\/\/rbfrenosyembragues.com\/\",\"name\":\"RB Frenos y Embragues\",\"description\":\"Distribuidor Mayorista\",\"potentialAction\":[{\"@type\":\"SearchAction\",\"target\":{\"@type\":\"EntryPoint\",\"urlTemplate\":\"https:\/\/rbfrenosyembragues.com\/?s={search_term_string}\"},\"query-input\":{\"@type\":\"PropertyValueSpecification\",\"valueRequired\":true,\"valueName\":\"search_term_string\"}}],\"inLanguage\":\"es\"}]}<\/script>\n<!-- \/ Yoast SEO plugin. -->","yoast_head_json":{"title":"Empresa - RB Frenos y Embragues","robots":{"index":"index","follow":"follow","max-snippet":"max-snippet:-1","max-image-preview":"max-image-preview:large","max-video-preview":"max-video-preview:-1"},"canonical":"https:\/\/rbfrenosyembragues.com\/?page_id=11403","og_locale":"es_ES","og_type":"article","og_title":"Empresa - RB Frenos y Embragues","og_description":"[vc_row][vc_column width=\u00bb1\/2&#8243;][vc_single_image image=\u00bb12851&#8243; img_size=\u00bbfull\u00bb][\/vc_column][vc_column width=\u00bb1\/2&#8243;][vc_column_text] Nosotros Somos RB Frenos y Embragues (Distribuidor Mayorista), una empresa dedicada a la comercializaci\u00f3n mayorista de frenos y embragues. En Linea Liviana y Linea Pesada (Autos y Camiones) Con 20 a\u00f1os en el mercado. El &hellip; Readmore","og_url":"https:\/\/rbfrenosyembragues.com\/?page_id=11403","og_site_name":"RB Frenos y Embragues","article_modified_time":"2019-06-26T12:22:02+00:00","twitter_card":"summary_large_image","twitter_misc":{"Tiempo de lectura":"2 minutos"},"schema":{"@context":"https:\/\/schema.org","@graph":[{"@type":"WebPage","@id":"https:\/\/rbfrenosyembragues.com\/?page_id=11403","url":"https:\/\/rbfrenosyembragues.com\/?page_id=11403","name":"Empresa - RB Frenos y Embragues","isPartOf":{"@id":"https:\/\/rbfrenosyembragues.com\/#website"},"datePublished":"2019-01-31T13:56:12+00:00","dateModified":"2019-06-26T12:22:02+00:00","breadcrumb":{"@id":"https:\/\/rbfrenosyembragues.com\/?page_id=11403#breadcrumb"},"inLanguage":"es","potentialAction":[{"@type":"ReadAction","target":["https:\/\/rbfrenosyembragues.com\/?page_id=11403"]}]},{"@type":"BreadcrumbList","@id":"https:\/\/rbfrenosyembragues.com\/?page_id=11403#breadcrumb","itemListElement":[{"@type":"ListItem","position":1,"name":"Home","item":"https:\/\/rbfrenosyembragues.com\/"},{"@type":"ListItem","position":2,"name":"Empresa"}]},{"@type":"WebSite","@id":"https:\/\/rbfrenosyembragues.com\/#website","url":"https:\/\/rbfrenosyembragues.com\/","name":"RB Frenos y Embragues","description":"Distribuidor Mayorista","potentialAction":[{"@type":"SearchAction","target":{"@type":"EntryPoint","urlTemplate":"https:\/\/rbfrenosyembragues.com\/?s={search_term_string}"},"query-input":{"@type":"PropertyValueSpecification","valueRequired":true,"valueName":"search_term_string"}}],"inLanguage":"es"}]}},"_links":{"self":[{"href":"https:\/\/rbfrenosyembragues.com\/index.php?rest_route=\/wp\/v2\/pages\/11403","targetHints":{"allow":["GET"]}}],"collection":[{"href":"https:\/\/rbfrenosyembragues.com\/index.php?rest_route=\/wp\/v2\/pages"}],"about":[{"href":"https:\/\/rbfrenosyembragues.com\/index.php?rest_route=\/wp\/v2\/types\/page"}],"author":[{"embeddable":true,"href":"https:\/\/rbfrenosyembragues.com\/index.php?rest_route=\/wp\/v2\/users\/745"}],"replies":[{"embeddable":true,"href":"https:\/\/rbfrenosyembragues.com\/index.php?rest_route=%2Fwp%2Fv2%2Fcomments&post=11403"}],"version-history":[{"count":2,"href":"https:\/\/rbfrenosyembragues.com\/index.php?rest_route=\/wp\/v2\/pages\/11403\/revisions"}],"predecessor-version":[{"id":12883,"href":"https:\/\/rbfrenosyembragues.com\/index.php?rest_route=\/wp\/v2\/pages\/11403\/revisions\/12883"}],"wp:attachment":[{"href":"https:\/\/rbfrenosyembragues.com\/index.php?rest_route=%2Fwp%2Fv2%2Fmedia&parent=11403"}],"curies":[{"name":"wp","href":"https:\/\/api.w.org\/{rel}","templated":true}]}}